{"id":148,"date":"2011-04-12T16:22:14","date_gmt":"2011-04-12T14:22:14","guid":{"rendered":"http:\/\/www.lokpb.de\/?page_id=148"},"modified":"2019-01-19T14:07:26","modified_gmt":"2019-01-19T13:07:26","slug":"impressum","status":"publish","type":"page","link":"https:\/\/www.lokpb.de\/index.php\/impressum\/","title":{"rendered":"Impressum"},"content":{"rendered":"<address>Florian Adams<br \/>\nHufring 39<br \/>\n54421 Reinsfeld<\/address>\n<address><a href=\"https:\/\/www.lokpb.de\/wp-content\/uploads\/2011\/04\/deaddams.png\"><img loading=\"lazy\" decoding=\"async\" class=\"alignnone size-full wp-image-156\" title=\"deaddams\" src=\"https:\/\/www.lokpb.de\/wp-content\/uploads\/2011\/04\/deaddams.png\" alt=\"\" width=\"118\" height=\"20\" \/><\/a><\/address>\n<address>Verantwortlich f\u00fcr den Inhalt gem\u00e4\u00df \u00a7 10 MDStV: Florian Adams<\/address>\n","protected":false},"excerpt":{"rendered":"<p>Florian Adams Hufring 39 54421 Reinsfeld Verantwortlich f\u00fcr den Inhalt gem\u00e4\u00df \u00a7 10 MDStV: Florian Adams<\/p>\n","protected":false},"author":1,"featured_media":0,"parent":0,"menu_order":8,"comment_status":"closed","ping_status":"closed","template":"","meta":{"footnotes":""},"class_list":["post-148","page","type-page","status-publish","hentry"],"_links":{"self":[{"href":"https:\/\/www.lokpb.de\/index.php\/wp-json\/wp\/v2\/pages\/148","targetHints":{"allow":["GET"]}}],"collection":[{"href":"https:\/\/www.lokpb.de\/index.php\/wp-json\/wp\/v2\/pages"}],"about":[{"href":"https:\/\/www.lokpb.de\/index.php\/wp-json\/wp\/v2\/types\/page"}],"author":[{"embeddable":true,"href":"https:\/\/www.lokpb.de\/index.php\/wp-json\/wp\/v2\/users\/1"}],"replies":[{"embeddable":true,"href":"https:\/\/www.lokpb.de\/index.php\/wp-json\/wp\/v2\/comments?post=148"}],"version-history":[{"count":1,"href":"https:\/\/www.lokpb.de\/index.php\/wp-json\/wp\/v2\/pages\/148\/revisions"}],"predecessor-version":[{"id":3485,"href":"https:\/\/www.lokpb.de\/index.php\/wp-json\/wp\/v2\/pages\/148\/revisions\/3485"}],"wp:attachment":[{"href":"https:\/\/www.lokpb.de\/index.php\/wp-json\/wp\/v2\/media?parent=148"}],"curies":[{"name":"wp","href":"https:\/\/api.w.org\/{rel}","templated":true}]}}